{"id":18,"date":"2023-03-18T02:16:15","date_gmt":"2023-03-18T02:16:15","guid":{"rendered":"https:\/\/apafap.com\/?page_id=18"},"modified":"2023-03-29T02:52:48","modified_gmt":"2023-03-29T02:52:48","slug":"inicio","status":"publish","type":"page","link":"https:\/\/apafap.com\/index.php\/inicio\/","title":{"rendered":"INICIO"},"content":{"rendered":"\n<h2 class=\"has-text-align-center has-white-color has-vivid-green-cyan-background-color has-text-color has-background wp-block-heading\">\u00a1Bienvenidos a APAFAP!<\/h2>\n\n\n\n<p class=\"has-white-color has-vivid-green-cyan-background-color has-text-color has-background\"><strong>Somos la Asociaci\u00f3n de Farmac\u00e9uticos de Panam\u00e1 del \u00c1rea Privada, y nuestra misi\u00f3n es fortalecer al gremio farmac\u00e9utico en nuestro pa\u00eds, conformando asi una coordinaci\u00f3n entre nuestro Colegio Nacional de Farmac\u00e9uticos con asociaciones como la Asociaci\u00f3n de Farmac\u00e9uticos al Servicio del Estado y la Asociaci\u00f3n Nacional de T\u00e9cnicos de Farmacias, llevando nuestra lucha a fortalecer nuestra profesi\u00f3n tanto pedag\u00f3gicamente  como socialmente de tal manera que podamos ser reconocidos como un profesional digno de formar parte del equipo de salud: El paciente es nuestra prioridad.<\/strong><\/p>\n\n\n<div class=\"wp-block-image\">\n<figure class=\"aligncenter size-full\"><img decoding=\"async\" loading=\"lazy\" width=\"563\" height=\"387\" src=\"https:\/\/apafap.com\/wp-content\/uploads\/2023\/03\/jd-8.jpg\" alt=\"\" class=\"wp-image-124\" srcset=\"https:\/\/apafap.com\/wp-content\/uploads\/2023\/03\/jd-8.jpg 563w, https:\/\/apafap.com\/wp-content\/uploads\/2023\/03\/jd-8-300x206.jpg 300w\" sizes=\"(max-width: 563px) 100vw, 563px\" \/><figcaption class=\"wp-element-caption\">Junta Directiva 2022 -2024<\/figcaption><\/figure><\/div>\n\n\n<p class=\"has-text-align-center\">Presidente: Lic. Walter Caballero<\/p>\n\n\n\n<p class=\"has-text-align-center\">Vice-Presidenta: Licda. Anabel V\u00e1squez<\/p>\n\n\n\n<p class=\"has-text-align-center\">Secretario: Lic. Fabian Pinto<\/p>\n\n\n\n<p class=\"has-text-align-center\">Tesorero: Mgtr. Horaci\u00f3 D\u00edaz<\/p>\n\n\n\n<p class=\"has-text-align-center\">Vocales:<\/p>\n\n\n\n<p class=\"has-text-align-center\">Licda. Iana Tejeira<\/p>\n\n\n\n<p class=\"has-text-align-center\">Mgtr. Jos\u00e9 Caballero<\/p>\n\n\n\n<p class=\"has-text-align-center\"><\/p>\n","protected":false},"excerpt":{"rendered":"<p>\u00a1Bienvenidos a APAFAP! Somos la Asociaci\u00f3n de Farmac\u00e9uticos de Panam\u00e1 del \u00c1rea Privada, y nuestra misi\u00f3n es fortalecer al gremio farmac\u00e9utico en nuestro pa\u00eds, conformando asi una coordinaci\u00f3n entre nuestro Colegio Nacional de Farmac\u00e9uticos con asociaciones como la Asociaci\u00f3n de Farmac\u00e9uticos al Servicio del Estado y la Asociaci\u00f3n Nacional de T\u00e9cnicos de Farmacias, llevando nuestra [&hellip;]<\/p>\n","protected":false},"author":1,"featured_media":0,"parent":0,"menu_order":0,"comment_status":"closed","ping_status":"closed","template":"","meta":[],"_links":{"self":[{"href":"https:\/\/apafap.com\/index.php\/wp-json\/wp\/v2\/pages\/18"}],"collection":[{"href":"https:\/\/apafap.com\/index.php\/wp-json\/wp\/v2\/pages"}],"about":[{"href":"https:\/\/apafap.com\/index.php\/wp-json\/wp\/v2\/types\/page"}],"author":[{"embeddable":true,"href":"https:\/\/apafap.com\/index.php\/wp-json\/wp\/v2\/users\/1"}],"replies":[{"embeddable":true,"href":"https:\/\/apafap.com\/index.php\/wp-json\/wp\/v2\/comments?post=18"}],"version-history":[{"count":7,"href":"https:\/\/apafap.com\/index.php\/wp-json\/wp\/v2\/pages\/18\/revisions"}],"predecessor-version":[{"id":135,"href":"https:\/\/apafap.com\/index.php\/wp-json\/wp\/v2\/pages\/18\/revisions\/135"}],"wp:attachment":[{"href":"https:\/\/apafap.com\/index.php\/wp-json\/wp\/v2\/media?parent=18"}],"curies":[{"name":"wp","href":"https:\/\/api.w.org\/{rel}","templated":true}]}}